{"id":710,"date":"2021-09-10T18:26:26","date_gmt":"2021-09-10T16:26:26","guid":{"rendered":"https:\/\/fullgroove-live.com\/?page_id=710"},"modified":"2025-03-15T16:12:53","modified_gmt":"2025-03-15T15:12:53","slug":"a","status":"publish","type":"page","link":"https:\/\/fullgroove-live.com\/index.php\/en\/a\/","title":{"rendered":"Agenda Full Groove"},"content":{"rendered":"\n<h1>Tour Dates &#8211; Full Groove<\/h1>\n\n\n\n<h2>2025<\/h2>\n\n\n\n<figure class=\"wp-block-table is-style-stripes\"><table class=\"has-fixed-layout\"><tbody><tr><td>August 1st<\/td><td> F\u00eate nationale <\/td><td class=\"has-text-align-left\" data-align=\"left\">Concert at 9:30pm<br>Genthod<\/td><\/tr><tr><td>July 5th<\/td><td> F\u00eate Municipale <\/td><td class=\"has-text-align-left\" data-align=\"left\">Bonneville<\/td><\/tr><tr><td>July 4th<\/td><td>Jazz Festival <\/td><td class=\"has-text-align-left\" data-align=\"left\">Yvoire<\/td><\/tr><tr><td>June 27th<\/td><td>F\u00eate des Promotion<\/td><td class=\"has-text-align-left\" data-align=\"left\">Concert at 9:30pm<br>Ch\u00eane-Bourg <\/td><\/tr><\/tbody><\/table><\/figure>\n\n\n\n<h2>2024<\/h2>\n\n\n\n<figure class=\"wp-block-table is-style-stripes\"><table class=\"has-fixed-layout\"><tbody><tr><td>September 7th<\/td><td>Opening of the cultural season<\/td><td class=\"has-text-align-left\" data-align=\"left\">Concert at 9:30pm<br>Th\u00f4nes<\/td><\/tr><tr><td>July 4th<\/td><td>\u00ab\u00a0On Ferme la Rue\u00a0\u00bb Festival<\/td><td class=\"has-text-align-left\" data-align=\"left\">Concert at 8:30pm<br>Quai de Warens &#8211; Sallanches<\/td><\/tr><tr><td>February 8th<\/td><td>After-Ski party<\/td><td class=\"has-text-align-left\" data-align=\"left\">Les Menuires<\/td><\/tr><\/tbody><\/table><\/figure>\n\n\n\n<h2>2023<\/h2>\n\n\n\n<figure class=\"wp-block-table is-style-stripes\"><table class=\"has-fixed-layout\"><tbody><tr><td>November 25th<\/td><td><a href=\"https:\/\/www.thonex.ch\/agenda\/10-ans-de-la-culture-de-thonex\/\" target=\"_blank\" rel=\"noreferrer noopener\">10 ans de la Culture !<\/a><\/td><td class=\"has-text-align-left\" data-align=\"left\">Concert at 8pm<br>Espace culturel du Bois-des-Arts<br>Chem. du Bois-des-Arts 62<br>Th\u00f4nex<\/td><\/tr><tr><td>August 1st<\/td><td>F\u00eate nationale<\/td><td class=\"has-text-align-left\" data-align=\"left\">Ch\u00eane-Bourg<\/td><\/tr><tr><td>June 10th<\/td><td>Festival Les Marnivals<\/td><td class=\"has-text-align-left\" data-align=\"left\">Concert at 6:30p.m.<br>Marignier<\/td><\/tr><\/tbody><\/table><\/figure>\n\n\n\n<h2>2022<\/h2>\n\n\n\n<figure class=\"wp-block-table is-style-stripes\"><table class=\"has-fixed-layout\"><tbody><tr><td>September 30th<\/td><td><a href=\"https:\/\/www.voguedeveyrier.com\/\">Vogue de Veyrier<\/a><\/td><td class=\"has-text-align-left\" data-align=\"left\">Veyrier &#8211; Geneva<\/td><\/tr><tr><td>July 13th<\/td><td> F\u00eate Nationale<\/td><td class=\"has-text-align-left\" data-align=\"left\">Concert at 9:30p.m.<br>Pr\u00e9vessins-Moens (France) <\/td><\/tr><tr><td>July 10th<\/td><td>Event Tour de France 2022<\/td><td class=\"has-text-align-left\" data-align=\"left\">Concert at 6p.m.<br>Place de la Navigation \/&nbsp;Lausanne<br>(Switzerland)<\/td><\/tr><tr><td>July 1st<\/td><td><a href=\"https:\/\/www.les-musicales.net\/\" target=\"_blank\" rel=\"noreferrer noopener\">Les Musicales<\/a><\/td><td class=\"has-text-align-left\" data-align=\"left\">Concert at 8p.m.<br>Cour 1603<br>1 rue Berthollet &#8211; Saint-Julien-en-Genevois<br>(France)<\/td><\/tr><\/tbody><\/table><\/figure>\n\n\n\n<h2>2021<\/h2>\n\n\n\n<figure class=\"wp-block-table is-style-stripes\"><table class=\"has-fixed-layout\"><tbody><tr><td>October 1st<\/td><td> <a href=\"https:\/\/www.saintpierreenfaucigny.fr\/concert-dautomne-votre-rendez-vous-musical-de-lautomne\/\" target=\"_blank\" rel=\"noreferrer noopener\">Concert d&rsquo;Automne<\/a> <\/td><td class=\"has-text-align-left\" data-align=\"left\">Concert at 8:30 p.m.<br>Espace Armand Bouvard<br>Rue des sports \/ Saint-Pierre-en-Faucigny (France) <\/td><\/tr><tr><td>September 11th<\/td><td><a href=\"http:\/\/www.le-chapel-festival.ch\" target=\"_blank\" rel=\"noreferrer noopener\">Festival CHAPEL<\/a><\/td><td class=\"has-text-align-left\" data-align=\"left\">Concert at 10:30 p.m. <br>Parc de la chappelle \/&nbsp;Grand-Lancy (Switzerland)<\/td><\/tr><\/tbody><\/table><\/figure>\n\n\n\n<h2>2019<\/h2>\n\n\n\n<figure class=\"wp-block-table is-style-stripes\"><table class=\"has-fixed-layout\"><tbody><tr><td>July 6th<\/td><td><a href=\"http:\/\/www.rockomarais.net\/\" target=\"_blank\" rel=\"noreferrer noopener\">Rock&rsquo; O Marais<\/a><\/td><td class=\"has-text-align-left\" data-align=\"left\">Concert at 10:30 p.m.<br>Poisy (France)<\/td><\/tr><tr><td>June 21st<\/td><td><a href=\"http:\/\/www.metissages.org\/2\/\" target=\"_blank\" rel=\"noreferrer noopener\">Festival M\u00e9tissages<\/a><\/td><td class=\"has-text-align-left\" data-align=\"left\">Bernex (Switzerland)<\/td><\/tr><tr><td>June 8th<\/td><td><a>F\u00eate interculturelle de Nyon<\/a><\/td><td class=\"has-text-align-left\" data-align=\"left\">Nyon (Switzerland)<\/td><\/tr><tr><td>May 18th<\/td><td><a>Zone Pi\u00e9tonne de la Neuveville<\/a><\/td><td class=\"has-text-align-left\" data-align=\"left\">Neuveville (Switzerland)<\/td><\/tr><\/tbody><\/table><\/figure>\n\n\n\n<h2>2018<\/h2>\n\n\n\n<figure class=\"wp-block-table is-style-stripes\"><table class=\"has-fixed-layout\"><tbody><tr><td>July 13th<\/td><td><a>Les Musicales<\/a><\/td><td class=\"has-text-align-left\" data-align=\"left\">Saint-Julien-En-Genevois (France)<\/td><\/tr><tr><td>June 29th<\/td><td><a>F\u00eate des Ecoles<\/a><\/td><td class=\"has-text-align-left\" data-align=\"left\">Meyrin (Switzerland)<\/td><\/tr><tr><td>June 15th<\/td><td><a>Les 15 ans de Cabestan<\/a><\/td><td class=\"has-text-align-left\" data-align=\"left\"><a>Roybon (France<\/a>)<\/td><\/tr><tr><td>June 8th<\/td><td>Corporate Event<\/td><td class=\"has-text-align-left\" data-align=\"left\">Geneva (Switzerland)<\/td><\/tr><tr><td>April 29th<\/td><td><a>20 kms de Lausanne<\/a><\/td><td class=\"has-text-align-left\" data-align=\"left\">Sc\u00e8ne Coubertin<br>Lausanne (Switzerland) <\/td><\/tr><tr><td>March 10th<\/td><td><a>Mr Pickwick<\/a><\/td><td class=\"has-text-align-left\" data-align=\"left\">Geneva (Switzerland)<\/td><\/tr><\/tbody><\/table><\/figure>\n","protected":false},"excerpt":{"rendered":"<p>Tour Dates &#8211; Full Groove 2025 August 1st F\u00eate nationale Concert at 9:30pmGenthod July 5th F\u00eate Municipale Bonneville July 4th Jazz Festival Yvoire June 27th F\u00eate des Promotion Concert at 9:30pmCh\u00eane-Bourg 2024 September 7th Opening of the cultural season Concert at 9:30pmTh\u00f4nes July 4th \u00ab\u00a0On Ferme la Rue\u00a0\u00bb Festival Concert at 8:30pmQuai de Warens &#8211;<\/p>\n","protected":false},"author":1,"featured_media":0,"parent":0,"menu_order":0,"comment_status":"closed","ping_status":"closed","template":"","meta":[],"yoast_head":"<!-- This site is optimized with the Yoast SEO plugin v16.8 - https:\/\/yoast.com\/wordpress\/plugins\/seo\/ -->\n<title>Agenda Full Groove - Association Full Groove<\/title>\n<meta name=\"robots\" content=\"index, follow, max-snippet:-1, max-image-preview:large, max-video-preview:-1\" \/>\n<link rel=\"canonical\" href=\"https:\/\/fullgroove-live.com\/index.php\/en\/a\/\" \/>\n<meta property=\"og:locale\" content=\"fr_FR\" \/>\n<meta property=\"og:type\" content=\"article\" \/>\n<meta property=\"og:title\" content=\"Agenda Full Groove - Association Full Groove\" \/>\n<meta property=\"og:description\" content=\"Tour Dates &#8211; Full Groove 2025 August 1st F\u00eate nationale Concert at 9:30pmGenthod July 5th F\u00eate Municipale Bonneville July 4th Jazz Festival Yvoire June 27th F\u00eate des Promotion Concert at 9:30pmCh\u00eane-Bourg 2024 September 7th Opening of the cultural season Concert at 9:30pmTh\u00f4nes July 4th \u00ab\u00a0On Ferme la Rue\u00a0\u00bb Festival Concert at 8:30pmQuai de Warens &#8211;\" \/>\n<meta property=\"og:url\" content=\"https:\/\/fullgroove-live.com\/index.php\/en\/a\/\" \/>\n<meta property=\"og:site_name\" content=\"Association Full Groove\" \/>\n<meta property=\"article:modified_time\" content=\"2025-03-15T15:12:53+00:00\" \/>\n<meta name=\"twitter:card\" content=\"summary_large_image\" \/>\n<meta name=\"twitter:label1\" content=\"Dur\u00e9e de lecture est.\" \/>\n\t<meta name=\"twitter:data1\" content=\"2 minutes\" \/>\n<script type=\"application\/ld+json\" class=\"yoast-schema-graph\">{\"@context\":\"https:\/\/schema.org\",\"@graph\":[{\"@type\":\"WebSite\",\"@id\":\"https:\/\/fullgroove-live.com\/#website\",\"url\":\"https:\/\/fullgroove-live.com\/\",\"name\":\"Association Full Groove\",\"description\":\"\",\"potentialAction\":[{\"@type\":\"SearchAction\",\"target\":{\"@type\":\"EntryPoint\",\"urlTemplate\":\"https:\/\/fullgroove-live.com\/?s={search_term_string}\"},\"query-input\":\"required name=search_term_string\"}],\"inLanguage\":\"fr-FR\"},{\"@type\":\"WebPage\",\"@id\":\"https:\/\/fullgroove-live.com\/index.php\/en\/a\/#webpage\",\"url\":\"https:\/\/fullgroove-live.com\/index.php\/en\/a\/\",\"name\":\"Agenda Full Groove - Association Full Groove\",\"isPartOf\":{\"@id\":\"https:\/\/fullgroove-live.com\/#website\"},\"datePublished\":\"2021-09-10T16:26:26+00:00\",\"dateModified\":\"2025-03-15T15:12:53+00:00\",\"breadcrumb\":{\"@id\":\"https:\/\/fullgroove-live.com\/index.php\/en\/a\/#breadcrumb\"},\"inLanguage\":\"fr-FR\",\"potentialAction\":[{\"@type\":\"ReadAction\",\"target\":[\"https:\/\/fullgroove-live.com\/index.php\/en\/a\/\"]}]},{\"@type\":\"BreadcrumbList\",\"@id\":\"https:\/\/fullgroove-live.com\/index.php\/en\/a\/#breadcrumb\",\"itemListElement\":[{\"@type\":\"ListItem\",\"position\":1,\"name\":\"Accueil\",\"item\":\"https:\/\/fullgroove-live.com\/\"},{\"@type\":\"ListItem\",\"position\":2,\"name\":\"Agenda Full Groove\"}]}]}<\/script>\n<!-- \/ Yoast SEO plugin. -->","yoast_head_json":{"title":"Agenda Full Groove - Association Full Groove","robots":{"index":"index","follow":"follow","max-snippet":"max-snippet:-1","max-image-preview":"max-image-preview:large","max-video-preview":"max-video-preview:-1"},"canonical":"https:\/\/fullgroove-live.com\/index.php\/en\/a\/","og_locale":"fr_FR","og_type":"article","og_title":"Agenda Full Groove - Association Full Groove","og_description":"Tour Dates &#8211; Full Groove 2025 August 1st F\u00eate nationale Concert at 9:30pmGenthod July 5th F\u00eate Municipale Bonneville July 4th Jazz Festival Yvoire June 27th F\u00eate des Promotion Concert at 9:30pmCh\u00eane-Bourg 2024 September 7th Opening of the cultural season Concert at 9:30pmTh\u00f4nes July 4th \u00ab\u00a0On Ferme la Rue\u00a0\u00bb Festival Concert at 8:30pmQuai de Warens &#8211;","og_url":"https:\/\/fullgroove-live.com\/index.php\/en\/a\/","og_site_name":"Association Full Groove","article_modified_time":"2025-03-15T15:12:53+00:00","twitter_card":"summary_large_image","twitter_misc":{"Dur\u00e9e de lecture est.":"2 minutes"},"schema":{"@context":"https:\/\/schema.org","@graph":[{"@type":"WebSite","@id":"https:\/\/fullgroove-live.com\/#website","url":"https:\/\/fullgroove-live.com\/","name":"Association Full Groove","description":"","potentialAction":[{"@type":"SearchAction","target":{"@type":"EntryPoint","urlTemplate":"https:\/\/fullgroove-live.com\/?s={search_term_string}"},"query-input":"required name=search_term_string"}],"inLanguage":"fr-FR"},{"@type":"WebPage","@id":"https:\/\/fullgroove-live.com\/index.php\/en\/a\/#webpage","url":"https:\/\/fullgroove-live.com\/index.php\/en\/a\/","name":"Agenda Full Groove - Association Full Groove","isPartOf":{"@id":"https:\/\/fullgroove-live.com\/#website"},"datePublished":"2021-09-10T16:26:26+00:00","dateModified":"2025-03-15T15:12:53+00:00","breadcrumb":{"@id":"https:\/\/fullgroove-live.com\/index.php\/en\/a\/#breadcrumb"},"inLanguage":"fr-FR","potentialAction":[{"@type":"ReadAction","target":["https:\/\/fullgroove-live.com\/index.php\/en\/a\/"]}]},{"@type":"BreadcrumbList","@id":"https:\/\/fullgroove-live.com\/index.php\/en\/a\/#breadcrumb","itemListElement":[{"@type":"ListItem","position":1,"name":"Accueil","item":"https:\/\/fullgroove-live.com\/"},{"@type":"ListItem","position":2,"name":"Agenda Full Groove"}]}]}},"_links":{"self":[{"href":"https:\/\/fullgroove-live.com\/index.php\/wp-json\/wp\/v2\/pages\/710"}],"collection":[{"href":"https:\/\/fullgroove-live.com\/index.php\/wp-json\/wp\/v2\/pages"}],"about":[{"href":"https:\/\/fullgroove-live.com\/index.php\/wp-json\/wp\/v2\/types\/page"}],"author":[{"embeddable":true,"href":"https:\/\/fullgroove-live.com\/index.php\/wp-json\/wp\/v2\/users\/1"}],"replies":[{"embeddable":true,"href":"https:\/\/fullgroove-live.com\/index.php\/wp-json\/wp\/v2\/comments?post=710"}],"version-history":[{"count":16,"href":"https:\/\/fullgroove-live.com\/index.php\/wp-json\/wp\/v2\/pages\/710\/revisions"}],"predecessor-version":[{"id":991,"href":"https:\/\/fullgroove-live.com\/index.php\/wp-json\/wp\/v2\/pages\/710\/revisions\/991"}],"wp:attachment":[{"href":"https:\/\/fullgroove-live.com\/index.php\/wp-json\/wp\/v2\/media?parent=710"}],"curies":[{"name":"wp","href":"https:\/\/api.w.org\/{rel}","templated":true}]}}

<h1>Tour Dates &#8211; Full Groove</h1>



<h2>2025</h2>



<figure class="wp-block-table is-style-stripes"><table class="has-fixed-layout"><tbody><tr><td>August 1st</td><td> Fête nationale </td><td class="has-text-align-left" data-align="left">Concert at 9:30pm<br>Genthod</td></tr><tr><td>July 5th</td><td> Fête Municipale </td><td class="has-text-align-left" data-align="left">Bonneville</td></tr><tr><td>July 4th</td><td>Jazz Festival </td><td class="has-text-align-left" data-align="left">Yvoire</td></tr><tr><td>June 27th</td><td>Fête des Promotion</td><td class="has-text-align-left" data-align="left">Concert at 9:30pm<br>Chêne-Bourg </td></tr></tbody></table></figure>



<h2>2024</h2>



<figure class="wp-block-table is-style-stripes"><table class="has-fixed-layout"><tbody><tr><td>September 7th</td><td>Opening of the cultural season</td><td class="has-text-align-left" data-align="left">Concert at 9:30pm<br>Thônes</td></tr><tr><td>July 4th</td><td>« On Ferme la Rue » Festival</td><td class="has-text-align-left" data-align="left">Concert at 8:30pm<br>Quai de Warens &#8211; Sallanches</td></tr><tr><td>February 8th</td><td>After-Ski party</td><td class="has-text-align-left" data-align="left">Les Menuires</td></tr></tbody></table></figure>



<h2>2023</h2>



<figure class="wp-block-table is-style-stripes"><table class="has-fixed-layout"><tbody><tr><td>November 25th</td><td><a href="https://www.thonex.ch/agenda/10-ans-de-la-culture-de-thonex/" target="_blank" rel="noreferrer noopener">10 ans de la Culture !</a></td><td class="has-text-align-left" data-align="left">Concert at 8pm<br>Espace culturel du Bois-des-Arts<br>Chem. du Bois-des-Arts 62<br>Thônex</td></tr><tr><td>August 1st</td><td>Fête nationale</td><td class="has-text-align-left" data-align="left">Chêne-Bourg</td></tr><tr><td>June 10th</td><td>Festival Les Marnivals</td><td class="has-text-align-left" data-align="left">Concert at 6:30p.m.<br>Marignier</td></tr></tbody></table></figure>



<h2>2022</h2>



<figure class="wp-block-table is-style-stripes"><table class="has-fixed-layout"><tbody><tr><td>September 30th</td><td><a href="https://www.voguedeveyrier.com/">Vogue de Veyrier</a></td><td class="has-text-align-left" data-align="left">Veyrier &#8211; Geneva</td></tr><tr><td>July 13th</td><td> Fête Nationale</td><td class="has-text-align-left" data-align="left">Concert at 9:30p.m.<br>Prévessins-Moens (France) </td></tr><tr><td>July 10th</td><td>Event Tour de France 2022</td><td class="has-text-align-left" data-align="left">Concert at 6p.m.<br>Place de la Navigation /&nbsp;Lausanne<br>(Switzerland)</td></tr><tr><td>July 1st</td><td><a href="https://www.les-musicales.net/" target="_blank" rel="noreferrer noopener">Les Musicales</a></td><td class="has-text-align-left" data-align="left">Concert at 8p.m.<br>Cour 1603<br>1 rue Berthollet &#8211; Saint-Julien-en-Genevois<br>(France)</td></tr></tbody></table></figure>



<h2>2021</h2>



<figure class="wp-block-table is-style-stripes"><table class="has-fixed-layout"><tbody><tr><td>October 1st</td><td> <a href="https://www.saintpierreenfaucigny.fr/concert-dautomne-votre-rendez-vous-musical-de-lautomne/" target="_blank" rel="noreferrer noopener">Concert d&rsquo;Automne</a> </td><td class="has-text-align-left" data-align="left">Concert at 8:30 p.m.<br>Espace Armand Bouvard<br>Rue des sports / Saint-Pierre-en-Faucigny (France) </td></tr><tr><td>September 11th</td><td><a href="http://www.le-chapel-festival.ch" target="_blank" rel="noreferrer noopener">Festival CHAPEL</a></td><td class="has-text-align-left" data-align="left">Concert at 10:30 p.m. <br>Parc de la chappelle /&nbsp;Grand-Lancy (Switzerland)</td></tr></tbody></table></figure>



<h2>2019</h2>



<figure class="wp-block-table is-style-stripes"><table class="has-fixed-layout"><tbody><tr><td>July 6th</td><td><a href="http://www.rockomarais.net/" target="_blank" rel="noreferrer noopener">Rock&rsquo; O Marais</a></td><td class="has-text-align-left" data-align="left">Concert at 10:30 p.m.<br>Poisy (France)</td></tr><tr><td>June 21st</td><td><a href="http://www.metissages.org/2/" target="_blank" rel="noreferrer noopener">Festival Métissages</a></td><td class="has-text-align-left" data-align="left">Bernex (Switzerland)</td></tr><tr><td>June 8th</td><td><a>Fête interculturelle de Nyon</a></td><td class="has-text-align-left" data-align="left">Nyon (Switzerland)</td></tr><tr><td>May 18th</td><td><a>Zone Piétonne de la Neuveville</a></td><td class="has-text-align-left" data-align="left">Neuveville (Switzerland)</td></tr></tbody></table></figure>



<h2>2018</h2>



<figure class="wp-block-table is-style-stripes"><table class="has-fixed-layout"><tbody><tr><td>July 13th</td><td><a>Les Musicales</a></td><td class="has-text-align-left" data-align="left">Saint-Julien-En-Genevois (France)</td></tr><tr><td>June 29th</td><td><a>Fête des Ecoles</a></td><td class="has-text-align-left" data-align="left">Meyrin (Switzerland)</td></tr><tr><td>June 15th</td><td><a>Les 15 ans de Cabestan</a></td><td class="has-text-align-left" data-align="left"><a>Roybon (France</a>)</td></tr><tr><td>June 8th</td><td>Corporate Event</td><td class="has-text-align-left" data-align="left">Geneva (Switzerland)</td></tr><tr><td>April 29th</td><td><a>20 kms de Lausanne</a></td><td class="has-text-align-left" data-align="left">Scène Coubertin<br>Lausanne (Switzerland) </td></tr><tr><td>March 10th</td><td><a>Mr Pickwick</a></td><td class="has-text-align-left" data-align="left">Geneva (Switzerland)</td></tr></tbody></table></figure>

<p>Tour Dates &#8211; Full Groove 2025 August 1st Fête nationale Concert at 9:30pmGenthod July 5th Fête Municipale Bonneville July 4th Jazz Festival Yvoire June 27th Fête des Promotion Concert at 9:30pmChêne-Bourg 2024 September 7th Opening of the cultural season Concert at 9:30pmThônes July 4th « On Ferme la Rue » Festival Concert at 8:30pmQuai de Warens &#8211;</p>

<!-- This site is optimized with the Yoast SEO plugin v16.8 - https://yoast.com/wordpress/plugins/seo/ -->
<title>Agenda Full Groove - Association Full Groove</title>
<meta name="robots" content="index, follow, max-snippet:-1, max-image-preview:large, max-video-preview:-1" />
<link rel="canonical" href="https://fullgroove-live.com/index.php/en/a/" />
<meta property="og:locale" content="fr_FR" />
<meta property="og:type" content="article" />
<meta property="og:title" content="Agenda Full Groove - Association Full Groove" />
<meta property="og:description" content="Tour Dates &#8211; Full Groove 2025 August 1st Fête nationale Concert at 9:30pmGenthod July 5th Fête Municipale Bonneville July 4th Jazz Festival Yvoire June 27th Fête des Promotion Concert at 9:30pmChêne-Bourg 2024 September 7th Opening of the cultural season Concert at 9:30pmThônes July 4th « On Ferme la Rue » Festival Concert at 8:30pmQuai de Warens &#8211;" />
<meta property="og:url" content="https://fullgroove-live.com/index.php/en/a/" />
<meta property="og:site_name" content="Association Full Groove" />
<meta property="article:modified_time" content="2025-03-15T15:12:53+00:00" />
<meta name="twitter:card" content="summary_large_image" />
<meta name="twitter:label1" content="Durée de lecture est." />
	<meta name="twitter:data1" content="2 minutes" />
<script type="application/ld+json" class="yoast-schema-graph">{"@context":"https://schema.org","@graph":[{"@type":"WebSite","@id":"https://fullgroove-live.com/#website","url":"https://fullgroove-live.com/","name":"Association Full Groove","description":"","potentialAction":[{"@type":"SearchAction","target":{"@type":"EntryPoint","urlTemplate":"https://fullgroove-live.com/?s={search_term_string}"},"query-input":"required name=search_term_string"}],"inLanguage":"fr-FR"},{"@type":"WebPage","@id":"https://fullgroove-live.com/index.php/en/a/#webpage","url":"https://fullgroove-live.com/index.php/en/a/","name":"Agenda Full Groove - Association Full Groove","isPartOf":{"@id":"https://fullgroove-live.com/#website"},"datePublished":"2021-09-10T16:26:26+00:00","dateModified":"2025-03-15T15:12:53+00:00","breadcrumb":{"@id":"https://fullgroove-live.com/index.php/en/a/#breadcrumb"},"inLanguage":"fr-FR","potentialAction":[{"@type":"ReadAction","target":["https://fullgroove-live.com/index.php/en/a/"]}]},{"@type":"BreadcrumbList","@id":"https://fullgroove-live.com/index.php/en/a/#breadcrumb","itemListElement":[{"@type":"ListItem","position":1,"name":"Accueil","item":"https://fullgroove-live.com/"},{"@type":"ListItem","position":2,"name":"Agenda Full Groove"}]}]}</script>
<!-- / Yoast SEO plugin. -->

Tour Dates &#8211; Full Groove 2025 August 1st Fête nationale Concert at 9:30pmGenthod July 5th Fête Municipale Bonneville July 4th Jazz Festival Yvoire June 27th Fête des Promotion Concert at 9:30pmChêne-Bourg 2024 September 7th Opening of the cultural season Concert at 9:30pmThônes July 4th « On Ferme la Rue » Festival Concert at 8:30pmQuai de Warens &#8211;
